prime factors of a.
2, 3, 11
Let d(y) = 3 + 4*y + 0*y + 26*y**3 + 5*y - 25*y**3 + 14*y**2. Let q(o) = o**2 + 8*o - 1. Let p be q(-6). List the prime factors of d(p).
5, 11
Let i = 1201 - -650. List the prime factors of i.
3, 617
Suppose 0 = -4*f + 7*f - 4*z + 22, z - 8 = 2*f. List the prime factors of (-6)/(-10) - ((-1544)/(-5))/f.
5, 31
Suppose 1570 = 11*k - 2643. List the prime factors of k.
383
Suppose 0*d - 5*d + 20 = 0. Suppose i = d*i - 87. Suppose 5*r - 4*o = 59, 3*r + 2*o - i = -2*o. List the prime factors of r.
11
Let g be -4*2/(-4) - (-4 + -1). Let k(t) = -t**3 + 10*t**2 - 16*t - 3. List the prime factors of k(g).
2
Let v = 29 + -41. What are the prime factors of v*(14/(-4) + 3)?
2, 3
Suppose 2*n - 3343 = q + 4*q, 0 = -2*n - 5*q + 3393. List the prime factors of n.
2, 421
Let k(s) = -2*s + 27. Let v be k(11). Suppose -2*c = -0*c - v*w - 86, -2*c - 3*w = -54. List the prime factors of c.
3, 11
Suppose a + y = -2*a + 54, y = 3*a - 60. Let z = a - 13. List the prime factors of 3 - -3 - z/(-2).
3
Let u be 2 + -5 + 10 + -3. Suppose -2*h = u*c - 523 - 83, 1510 = 5*h + 5*c. List the prime factors of h.
7, 43
Suppose -2*i - 3*u + 455 = 0, -5 = -0*u - u. What are the prime factors of i?
2, 5, 11
Suppose -2*p = -4*v - 390, -212 = -3*p + 2*v + 393. What are the prime factors of p?
5, 41
Let d = 13 + -14. Let p be d + (2 - 3) - -10. Suppose p*j - 21 = 5*j + 3*c, -c = 4*j - 53. What are the prime factors of j?
2, 3
Let q(z) = -z + 8. Let u be q(6). Suppose -4*r + 5*o + 333 = 0, o = u*r - 2*o - 169. List the prime factors of r.
7, 11
Suppose 7*a = -50 - 188. Let o = -12 - a. List the prime factors of o.
2, 11
Suppose 22*q - 6 = 19*q. Suppose -q*d + 347 = 15. List the prime factors of d.
2, 83
Let y = 1890 + -66. List the prime factors of y.
2, 3, 19
Let w(y) = -y**3 - y + 8. Let z be w(0). Let a(g) = g**2 - 9*g + 4. Let q be a(z). List the prime factors of (-22)/(-11)*(-42)/q.
3, 7
Suppose 0 = 4*d + 20*d - 29160. What are the prime factors of d?
3, 5
Let r(k) = 30*k**2 + 4*k + 3. Let y(c) = 89*c**2 + 12*c + 9. Let o(m) = 7*r(m) - 2*y(m). What are the prime factors of o(-1)?
31
Let d(y) = -y**2 + 13*y + 4. Let s be ((-26)/(-4))/((-5)/(-10)). Let o be d(s). Suppose -o*x + 86 = -18. List the prime factors of x.
2, 13
Let b(h) = -3*h + 151. Let g(s) be the second derivative of -s**3/3 + 75*s**2/2 - 11*s. Let n(c) = 3*b(c) - 5*g(c). List the prime factors of n(0).
2, 3, 13
Let d(l) = -10*l**2. Let r be d(1). List the prime factors of 8/r*(-365)/2.
2, 73
Let f = 1 + 35. List the prime factors of 9/f - -3*(-277)/(-4).
2, 13
Let k be (-6)/21 + 1906/7. Let q = 186 - k. Let n = -61 - q. What are the prime factors of n?
5
Let g(w) = -w. Let k(i) = -38*i - 2. Let b(q) = 2*g(q) - k(q). Let l be (-3 - 2*-1)*-2. What are the prime factors of b(l)?
2, 37
Let r(u) be the second derivative of -u**4/12 - 5*u**3/3 + 5*u**2/2 - 2*u. Let o be r(-10). Let v(x) = -x**2 + 8*x - 4. List the prime factors of v(o).
11
Let w = -74 + 107. Let l = w - -21. List the prime factors of l.
2, 3
Suppose -4*h = 2*d - 24, -3*d + 2*h + 5 - 1 = 0. Suppose 5*c - 172 = -4*k - 0*k, 2*c = -d*k + 64. List the prime factors of c.
2, 3
Let r(w) = 50*w + 2. Let f be r(3). Suppose 0 = -2*a + 6*a - f. What are the prime factors of a?
2, 19
What are the prime factors of (-7 + 36/(-24))*(1 - 147)?
17, 73
Let f = -61 + 93. Suppose 0 = -q + 6 + f. List the prime factors of q.
2, 19
Suppose 14 - 2 = -4*u, 3*w = -4*u + 189. Let y = 57 + w. List the prime factors of y.
2, 31
Suppose 0 = -6*k + 2*k + 1948. List the prime factors of k.
487
Suppose 4*g - a - 538 = -0*g, a + 2 = 0. List the prime factors of g.
2, 67
Let q be (-3 + (-2 - -3))*-4. Suppose -5*m + 15 = 0, l + 3*m + 13 = q*m. Suppose 84 = l*k + k. What are the prime factors of k?
2, 7
Let o(a) = a**3 - 7*a**2 + 6*a - 28. List the prime factors of o(14).
2, 3, 7, 17
Let d(f) = -9*f - 2. Let x be d(2). Let y = x + 22. Suppose y*h = 3*t - 83, 2*h = 3*t + 2*t - 141. List the prime factors of t.
29
Suppose -a = 3*a - 16. Suppose 3*c = -5*n - 0*n - 15, -a*n - 12 = -3*c. Suppose -2*f = 3*s - 21, -f + c*s = -3*s - 15. What are the prime factors of f?
2, 3
What are the prime factors of ((-37026)/88 - -8)*(-1 - 3)?
13, 127
Suppose -5 - 3 = 4*d. List the prime factors of ((-3)/(-18)*d)/((-2)/318).
53
Suppose 5*c + 2*q = -15, -3*q - 17 = -3*c + q. Let w = 4 + c. Suppose k + 90 = w*k. What are the prime factors of k?
3, 5
Let s = 5 - 3. Let t(w) = 2*w**3 + 0*w**3 - w + w**2 + 4 + 2*w**3. What are the prime factors of t(s)?
2, 19
Let y = -1197 - -1694. Let b = -278 + y. List the prime factors of b.
3, 73
Let p be (0 - 0)/(10/(-5)). Let f = -2 + 5. Suppose -45 = -p*g - f*g. List the prime factors of g.
3, 5
Let f(g) = 45*g**2 + 13*g - 36. What are the prime factors of f(4)?
2, 23
Let k be (-4)/6 + 6099/9 + 1. Suppose 0 = -c - 2*c + k. What are the prime factors of c?
2, 113
Let w(y) = y**3 + 13*y**2 - 26*y - 51. What are the prime factors of w(-12)?
3, 5
Let a(j) = 8*j**3 - 92*j**2 - 46*j + 28. List the prime factors of a(13).
2, 3
Let w be (-86)/(-3) + (-15)/(-45). Suppose w = 4*u - 3*u. What are the prime factors of u?
29
Let n(l) = 11*l**2 + 3*l + 3. Let a be n(6). Suppose -78 = -9*p + a. List the prime factors of p.
5, 11
Let v = -2836 - -4965. List the prime factors of v.
2129
Let x(m) = -m**3 - 3*m**2 + 10*m + 29. What are the prime factors of x(-17)?
5, 11, 71
Suppose 2*j = -3*b - 4, -3*b + b = 5*j - 12. Let i be (-63 + 3)*4/(-10). Suppose -l - i = -j*l. What are the prime factors of l?
2
Let b(a) = 14*a - 45. Suppose 2*y = 4*i - 6 + 14, 53 = 5*y + i. List the prime factors of b(y).
5, 19
Suppose -2*o + 2916 = 824. What are the prime factors of o?
2, 523
Let q be (5 - 3)*(105/(-6) + -3). Let l = -16 - q. List the prime factors of l.
5
What are the prime factors of 4/(40/(-6)) - 4915/(-25)?
2, 7
Let v(u) = u**3 - 11*u**2 + 5*u - 11. Let h be v(9). Let o = -71 - h. What are the prime factors of o?
3, 19
Let c(u) = 3*u - 23 - 9*u**3 + 8*u**2 - 11*u**3 + 28*u**3 - 7*u**3. List the prime factors of c(-6).
31
Let z(w) = -w**2 - 7*w + 8. Let p be z(-8). Suppose 4*u = -2*h + 2, p*h = 3*h + 2*u - 11. Suppose o = j + 26, 5*j - 94 - 46 = -h*o. List the prime factors of o.
3
Let d = 17 - 3. Let u = d - -42. What are the prime factors of u?
2, 7
Let k(d) = 3*d**2 - 7*d + 5. Suppose -6*z - 16 = -2*z. Let t be ((-9)/(-3) - 4)*z. What are the prime factors of k(t)?
5
Let h = 9 + -4. Suppose h*o - 12 = 5*d + 33, 2*d = 4*o - 26. Suppose i = o + 5. What are the prime factors of i?
3
Let c = -19 - -21. Suppose -c*l + 35 = -37. Let i = -22 + l. List the prime factors of i.
2, 7
Let i(f) be the second derivative of f**4/12 - 2*f**3/3 - 11*f**2/2 + 3*f. List the prime factors of i(-7).
2, 3, 11
Let n be -1*2/(-5)*5. Suppose n*x - 14 = x. List the prime factors of x.
2, 7
Let d be (-18)/6*10/(-3). Let m be 10/25 + 16/d. What are the prime factors of m/(-11) + 844/44?
19
Suppose -2*s - 401 = -2*x - s, -5*x + 5*s + 995 = 0. What are the prime factors of x?
2, 101
Suppose -4*y = -l - 7, 0*y + 15 = 5*y. Suppose 2*w - l*x - 294 = 0, -3*w - 4*x + 441 = -3*x. List the prime factors of w.
3, 7
Let t(w) be the first derivative of 3*w**2/2 + 2*w - 11. Let y be t(-6). Let n = 24 + y. List the prime factors of n.
2
Let m(o) = o**2 + 7*o - 6. Suppose 9 + 4 = -3*l - 2*n, -4*l + 3*n - 40 = 0. Let x be m(l). List the prime factors of (38/2)/(7 + x).
19
Let u(g) = -5*g**2 + 16 + 4*g**2 - 5*g + 3 + 2*g**2. List the prime factors of u(8).
43
Suppose -28*c + 7*c + 6447 = 0. List the prime factors of c.
307
Let f be 48/(-9)*2*12 + 2. Let j = 218 + f. What are the prime factors of j?
2, 23
Let z(n) = -2*n**2 - n. Let o be z(-3). Let s = 7 + o. Let g = s + 29. What are the prime factors of g?
3, 7
Suppose 2*l = -2*b - 26, -2*l = 4*b - 3*l + 77. Let g = 22 + b. What are the prime factors of g?
2
Suppose 23 = -4*w + 7. List the prime factors of (-37 + 2)/(2/w).
2, 5, 7
Let l(k) = 17*k - 3. What are the prime factors of l(17)?
2, 11, 13
Suppose 3*r - 31*p + 27*p - 636 = 0, 2*p = -4*r + 848. What are the prime factors of r?
2, 53
Let j(c) = c**3 + 3*c**2 + 2*c - 1. Let i be j(-2). Let b be i/(1/6*-3). List the prime factors of 1 + b + 2 + 6.
11
Suppose 52 = 2*h - 22. Suppose -d + 3*c = -h, -3*c - 19